?
-4b87a
In base 3, what is 102000122 - -2221?
102010120
In base 6, what is -505 + 1241?
332
In base 15, what is 0 - 388e?
-388e
In base 12, what is -a5148 + -9?
-a5155
In base 16, what is -3 - -196ec9?
196ec6
In base 10, what is 9 - 3431?
-3422
In base 11, what is 37 + -374?
-338
In base 12, what is 22b - 2699?
-246a
In base 13, what is 1203 + 1134?
2337
In base 12, what is 524 + 166?
68a
In base 3, what is -112102 - -212121?
100012
In base 15, what is 103b - 8?
1033
In base 10, what is -5 + -40662?
-40667
In base 2, what is -10001001001 + 1?
-10001001000
In base 14, what is -89448 - -5?
-89443
In base 9, what is 207 + -2508?
-2301
In base 8, what is 1053541 - -4?
1053545
In base 14, what is -2866 - 5?
-286b
In base 16, what is -3 - 34cdc?
-34cdf
In base 14, what is -1832 - 5?
-1837
In base 11, what is -5 + -44282?
-44287
In base 11, what is 125 + -20a4?
-1a7a
In base 13, what is -6a23 - 0?
-6a23
In base 3, what is -102010201002 + -1002?
-102010202011
In base 6, what is 5 + 110300?
110305
In base 16, what is -32 + -1c2c?
-1c5e
In base 15, what is -537 - 1d?
-555
In base 13, what is -1a - 246?
-263
In base 10, what is 1514 - 1201?
313
In base 11, what is 183 - 280?
-a8
In base 8, what is -1 + -152261?
-152262
In base 13, what is -72cc12 - 4?
-72cc16
In base 15, what is 0 - -2e556?
2e556
In base 12, what is 1 - 6933?
-6932
In base 7, what is 3 - 653026?
-653023
In base 8, what is -63 - -2436?
2353
In base 4, what is 113121212 + -10?
113121202
In base 7, what is -6 + -235616?
-235625
In base 14, what is 18138 + -3?
18135
In base 12, what is -30 - 469b9?
-46a29
In base 3, what is 12000010 - -12?
12000022
In base 9, what is -4 - -43365?
43361
In base 14, what is 6 + 132?
138
In base 9, what is -5307874 - -2?
-5307872
In base 5, what is -2 + -314213?
-314220
In base 9, what is -8 - -87668?
87660
In base 5, what is 2211 - 10123?
-2412
In base 2, what is -110110011110 - -100011000?
-110010000110
In base 9, what is -5 - 35385?
-35401
In base 8, what is -175041 + -15?
-175056
In base 10, what is 14 + 795?
809
In base 3, what is 1021 + 102110?
110201
In base 7, what is 63 + 3?
66
In base 14, what is 5 + 20752?
20757
In base 10, what is -2 + -1017865?
-1017867
In base 2, what is -1001111001101 - 10?
-1001111001111
In base 16, what is 3 - -74f74?
74f77
In base 8, what is -5 + -2702017?
-2702024
In base 10, what is 1383 - -36?
1419
In base 9, what is -306 - -133?
-163
In base 11, what is -27796 - 28?
-27813
In base 16, what is 73f + 6c?
7ab
In base 10, what is -3 - -166679?
166676
In base 13, what is -5 + -7b10?
-7b15
In base 6, what is -12 - 3205501?
-3205513
In base 9, what is -5722174 + 3?
-5722171
In base 6, what is -11 - -1030435?
1030424
In base 7, what is 162025 + 23?
162051
In base 7, what is 50 + -120436?
-120356
In base 5, what is 4 + -104041004?
-104041000
In base 14, what is -2 - 2c399?
-2c39b
In base 4, what is -202321 + -232?
-203213
In base 3, what is 1002 + 222001?
1000010
In base 4, what is -30311 + 210033?
113122
In base 7, what is 100 - 104?
-4
In base 12, what is 11 + -81649?
-81638
In base 16, what is -3 + -3950?
-3953
In base 11, what is 4 - -15570?
15574
In base 9, what is -2 + 12178?
12176
In base 11, what is -18537 + 4?
-18533
In base 9, what is 8 + -4007?
-3888
In base 7, what is -6334 - -51?
-6253
In base 4, what is 103 - -23221?
23330
In base 9, what is 72762 + 3?
72765
In base 3, what is 2022102200 + 11?
2022102211
In base 15, what is -3132 - -98?
-3089
In base 2, what is -100100 - -10111101001110000?
10111101001001100
In base 3, what is -120 + -200222211?
-201000101
In base 2, what is -1 + -1000000111000100?
-1000000111000101
In base 14, what is 4b - 1db?
-190
In base 5, what is 3040231 + 0?
3040231
In base 10, what is -1622 - -406?
-1216
In base 5, what is 24012413 + -3?
24012410
In base 2, what is -100111111001101011 - -11?
-100111111001101000
In base 10, what is 17498 - 5?
17493
In base 10, what is 1 + -11558?
-11557
In base 8, what is 234 - 1071?
-635
In base 5, what is -2 - 320222?
-320224
In base 8, what is -1 - 10274?
-10275
In base 5, what is -1421 - 21414?
-23340
In base 5, what is 411002122 - 10?
411002112
In base 5, what is -103 - -112223?
112120
In base 15, what is -5 - -c672?
c66c
In base 3, what is -1 - 200200112020?
-200200112021
In base 16, what is -109c + -34?
-10d0
In base 16, what is 2e0e - 0?
2e0e
In base 10, what is -11 - 1895?
-1906
In base 15, what is 1059 - 38?
1021
In base 11, what is -164307 + -1?
-164308
In base 4, what is 1123033 + 12002?
1201101
In base 2, what is -101001111101000 + 10?
-101001111100110
In base 8, what is -32 - -5060?
5026
In base 6, what is -22512 - -3?
-22505
In base 2, what is -110101000000110 - -1111?
-110100111110111
In base 14, what is -112d6 + 5?
-112d1
In base 9, what is 616 + 522?
1238
In base 12, what is 4 + 1b66?
1b6a
In base 16, what is -6e + -4e4?
-552
In base 12, what is 1 + 128b?
1290
In base 13, what is -33 - 12099?
-120cc
In base 7, what is 1205225 + -2?
1205223
In base 10, what is -146 + 10247?
10101
In base 14, what is -817 + -d2?
-909
In base 11, what is -65618 + -10?
-65628
In base 8, what is 1664 - 306?
1356
In base 15, what is -1ae26 - 2?
-1ae28
In base 4, what is 1110302133 + -11?
1110302122
In base 10, what is -19 + -1166?
-1185
In base 2, what is 10100100110 + -1110100?
10010110010
In base 6, what is 1411205 + 3?
1411212
In base 2, what is -110000010010 - 11000000?
-110011010010
In base 4, what is -123100312 + 3?
-123100303
In base 4, what is 13 - 2232312?
-2232233
In base 2, what is 101111011100 + -1000000?
101110011100
In base 16, what is -ca1a + 4?
-ca16
In base 5, what is -14031 + -3434?
-23020
In base 7, what is -110 + -56026?
-56136
In base 16, what is 6b - -7?
72
In base 7, what is 36 - -20122?
20161
In base 15, what is -6d - 13a8?
-1426
In base 15, what is -4 - e6c?
-e71
In base 14, what is -4 - -892a?
8926
In base 10, what is -1308 - -103?
-1205
In base 9, what is -126218 + 0?
-126218
In base 13, what is 25ba - b?
25ac
In base 12, what is -201 + 379?
178
In base 6, what is 1015231 + -11?
1015220
In base 15, what is 208e5 - 5?
208e0
In base 6, what is -25344 + 21?
-25323
In base 8, what is -1024 + 135?
-667
In base 3, what is -2 - -1001210212?
1001210210
In base 3, what is 2 + 11222100110?
11222100112
In base 12, what is 6b - -92?
141
In base 16, what is 0 + 9201?
9201
In base 7, what is 1 - -122?
123
In base 14, what is -325 + 76?
-28d
In base 16, what is b88 + 1c2?
d4a
In base 3, what is 102210212112 - -1100?
102210220212
In base 6, what is -512133 - 51?
-512224
In base 8, what is -3 - -5163500?
5163475
In base 8, what is -374 - -154?
-220
In base 6, what is -25022 + 1?
-25021
In base 8, what is 167 - -17?
206
In base 3, what is -10 + 1020201?
1020121
In base 2, what is -1101 - 11001111100?
-11010001001
In base 2, what is -101 + 110101100101?
110101100000
In base 10, what is -16 + -997?
-1013
In base 5, what is -24414 - -14?
-24400
In base 8, what is 52527 + 4?
52533
In base 15, what is -6 - -21d4?
21cd
In base 11, what is -444263 + 1?
-444262
In base 12, what is 14 + 546?
55a
In base 14, what is 11 - 371d?
-370c
In base 5, what is 204 - -2034?
2243
In base 2, what is -1110111000 + -100010?
-1111011010
In base 4, what is 10231 + -13011?
-2120
In base 8, what is -36363 + -27?
-36412
In base 15, what is -69b7 - 157?
-6b1e
In base 4, what is -231000112 + -23?
-231000201
In base 16, what is 1e + -274?
-256
In base 4, what is -2223322 + 1102?
-2222220
In base 14, what is 1 - a5156?
-a5155
In base 6, what is -14 - 202111?
-202125
In base 7, what is 1 - 1054122?
-1054121
In base 14, what is -39894 + -1?
-39895
In base 11, what is -22202 - 4?
-22206
In base 7, what is 0 - -1463553?
1463553
In base 13, what is a48 + -112?
936
In base 4, what is -1112323322 + -31?
-1112330013
In base 5, what is -20 + 2423441?
2423421
In base 3, what is -1222122201 + 0?
-1222122201
In base 5, what is 3 + 2023203?
2023211
In base 4, what is -131323 - -102?
-131221
In base 6, what is 14432 + 224?
15100
In base 3, what is -102010010 + -10?
-102010020
In base 7, what is 1 - 13365?
-13364
In base 8, what is 7 - 24343?
-24334
In base 2, what is 1011111000011101101 - -101?
1011111000011110010
In base 5, what is 1002311 - 24?
1002232
In base 15, what is -3 + -c36?
-c39
In base